{"id":16,"date":"2024-01-27T11:17:22","date_gmt":"2024-01-27T10:17:22","guid":{"rendered":"https:\/\/veinterface.com\/?page_id=16"},"modified":"2026-03-27T15:50:38","modified_gmt":"2026-03-27T14:50:38","slug":"a-propos","status":"publish","type":"page","link":"https:\/\/veinterface.com\/index.php\/a-propos\/","title":{"rendered":"A propos"},"content":{"rendered":"\t\t<div data-elementor-type=\"wp-page\" data-elementor-id=\"16\" class=\"elementor elementor-16\">\n\t\t\t\t<div class=\"elementor-element elementor-element-86ab428 e-flex e-con-boxed e-con e-parent\" data-id=\"86ab428\" data-element_type=\"container\" data-e-type=\"container\" data-settings=\"{&quot;background_background&quot;:&quot;classic&quot;}\">\n\t\t\t\t\t<div class=\"e-con-inner\">\n\t\t\t\t<div class=\"elementor-element elementor-element-c39b3e5 elementor-widget elementor-widget-heading\" data-id=\"c39b3e5\" data-element_type=\"widget\" data-e-type=\"widget\" data-widget_type=\"heading.default\">\n\t\t\t\t<div class=\"elementor-widget-container\">\n\t\t\t\t\t<h2 class=\"elementor-heading-title elementor-size-default\">\u00c0 propos<\/h2>\t\t\t\t<\/div>\n\t\t\t\t<\/div>\n\t\t\t\t<div class=\"elementor-element elementor-element-6ec210e elementor-widget-divider--view-line elementor-widget elementor-widget-divider\" data-id=\"6ec210e\" data-element_type=\"widget\" data-e-type=\"widget\" data-widget_type=\"divider.default\">\n\t\t\t\t<div class=\"elementor-widget-container\">\n\t\t\t\t\t\t\t<div class=\"elementor-divider\">\n\t\t\t<span class=\"elementor-divider-separator\">\n\t\t\t\t\t\t<\/span>\n\t\t<\/div>\n\t\t\t\t\t\t<\/div>\n\t\t\t\t<\/div>\n\t\t\t\t<div class=\"elementor-element elementor-element-665bda7 elementor-widget elementor-widget-heading\" data-id=\"665bda7\" data-element_type=\"widget\" data-e-type=\"widget\" data-widget_type=\"heading.default\">\n\t\t\t\t<div class=\"elementor-widget-container\">\n\t\t\t\t\t<h2 class=\"elementor-heading-title elementor-size-default\">Value Environmental Interface<\/h2>\t\t\t\t<\/div>\n\t\t\t\t<\/div>\n\t\t\t\t\t<\/div>\n\t\t\t\t<\/div>\n\t\t<div class=\"elementor-element elementor-element-b488747 e-flex e-con-boxed e-con e-parent\" data-id=\"b488747\" data-element_type=\"container\" data-e-type=\"container\">\n\t\t\t\t\t<div class=\"e-con-inner\">\n\t\t\t\t<div class=\"elementor-element elementor-element-287b2d8 elementor-widget elementor-widget-text-editor\" data-id=\"287b2d8\" data-element_type=\"widget\" data-e-type=\"widget\" data-widget_type=\"text-editor.default\">\n\t\t\t\t<div class=\"elementor-widget-container\">\n\t\t\t\t\t\t\t\t\t<p>VE Interface est un cabinet de conseil (SAURL) sp\u00e9cialis\u00e9 dans l&rsquo;optimisation des co\u00fbts et la R\u00e9duction des Impacts de vos projets par l\u2019am\u00e9lioration des contrats, la gestion des IRO (Impacts, Risques et Opportunit\u00e9s) , l\u2019examen et le contr\u00f4le des op\u00e9rations dans le domaine des Industries Extractives en Afrique.<\/p><p>Nos premiers \u00e9changes seront probablement relatifs \u00e0 un accord de confidentialit\u00e9 (NDA, Non-Disclosure Agreement) qui s\u00e9curisera officiellement nos \u00e9changes, car vos questions, doutes et probl\u00e8mes n\u2019ont, \u00e0 priori, pas \u00e0 \u00eatre partag\u00e9s ni en interne, ni en externe.<\/p><p>Un r\u00e9seau d&rsquo;experts internationaux, principalement d&rsquo;Afrique, pour des projets Industriels visant \u00e0 promouvoir vos strat\u00e9gies RSE et les valeurs ESG sur le continent toujours \u00e0 port\u00e9e de main.<\/p><p>Nous intervenons \u00e0 votre demande, pour une assistance ponctuelle, \u00e0 moyen terme, voire \u00e0 long terme, afin de vous partager notre expertise seulement lorsque vous en avez le plus besoin.<\/p><p>Internalisez notre expertise avant de prendre vos d\u00e9cisions strat\u00e9giques en CA, CoDir, ComEx ou m\u00eame en CoPil, en phase de Cr\u00e9ation d\u2019une \u00e9quipe RSE ou ESG, en phase de pr\u00e9paration de votre rapport extra financier, pendant des n\u00e9gociations avec vos partenaires ou votre chaine de valeurs, ou en cas de difficult\u00e9s techniques, de litiges ou de diff\u00e9rends.<\/p>\t\t\t\t\t\t\t\t<\/div>\n\t\t\t\t<\/div>\n\t\t\t\t\t<\/div>\n\t\t\t\t<\/div>\n\t\t\t\t<\/div>\n\t\t","protected":false},"excerpt":{"rendered":"<p>D\u00e9couvrez l\u2019expertise de VE Interface : conception d\u2019interfaces immersives et solutions technologiques innovantes pour vos projets digitaux.<\/p>\n","protected":false},"author":1,"featured_media":0,"parent":0,"menu_order":0,"comment_status":"closed","ping_status":"closed","template":"","meta":{"site-sidebar-layout":"no-sidebar","site-content-layout":"","ast-site-content-layout":"full-width-container","site-content-style":"default","site-sidebar-style":"default","ast-global-header-display":"","ast-banner-title-visibility":"","ast-main-header-display":"","ast-hfb-above-header-display":"","ast-hfb-below-header-display":"","ast-hfb-mobile-header-display":"","site-post-title":"disabled","ast-breadcrumbs-content":"","ast-featured-img":"disabled","footer-sml-layout":"","ast-disable-related-posts":"","theme-transparent-header-meta":"","adv-header-id-meta":"","stick-header-meta":"","header-above-stick-meta":"","header-main-stick-meta":"","header-below-stick-meta":"","astra-migrate-meta-layouts":"default","ast-page-background-enabled":"default","ast-page-background-meta":{"desktop":{"background-color":"var(--ast-global-color-4)","background-image":"","background-repeat":"repeat","background-position":"center center","background-size":"auto","background-attachment":"scroll","background-type":"","background-media":"","overlay-type":"","overlay-color":"","overlay-opacity":"","overlay-gradient":""},"tablet":{"background-color":"","background-image":"","background-repeat":"repeat","background-position":"center center","background-size":"auto","background-attachment":"scroll","background-type":"","background-media":"","overlay-type":"","overlay-color":"","overlay-opacity":"","overlay-gradient":""},"mobile":{"background-color":"","background-image":"","background-repeat":"repeat","background-position":"center center","background-size":"auto","background-attachment":"scroll","background-type":"","background-media":"","overlay-type":"","overlay-color":"","overlay-opacity":"","overlay-gradient":""}},"ast-content-background-meta":{"desktop":{"background-color":"var(--ast-global-color-5)","background-image":"","background-repeat":"repeat","background-position":"center center","background-size":"auto","background-attachment":"scroll","background-type":"","background-media":"","overlay-type":"","overlay-color":"","overlay-opacity":"","overlay-gradient":""},"tablet":{"background-color":"var(--ast-global-color-5)","background-image":"","background-repeat":"repeat","background-position":"center center","background-size":"auto","background-attachment":"scroll","background-type":"","background-media":"","overlay-type":"","overlay-color":"","overlay-opacity":"","overlay-gradient":""},"mobile":{"background-color":"var(--ast-global-color-5)","background-image":"","background-repeat":"repeat","background-position":"center center","background-size":"auto","background-attachment":"scroll","background-type":"","background-media":"","overlay-type":"","overlay-color":"","overlay-opacity":"","overlay-gradient":""}},"footnotes":""},"class_list":["post-16","page","type-page","status-publish","hentry"],"_links":{"self":[{"href":"https:\/\/veinterface.com\/index.php\/wp-json\/wp\/v2\/pages\/16","targetHints":{"allow":["GET"]}}],"collection":[{"href":"https:\/\/veinterface.com\/index.php\/wp-json\/wp\/v2\/pages"}],"about":[{"href":"https:\/\/veinterface.com\/index.php\/wp-json\/wp\/v2\/types\/page"}],"author":[{"embeddable":true,"href":"https:\/\/veinterface.com\/index.php\/wp-json\/wp\/v2\/users\/1"}],"replies":[{"embeddable":true,"href":"https:\/\/veinterface.com\/index.php\/wp-json\/wp\/v2\/comments?post=16"}],"version-history":[{"count":5,"href":"https:\/\/veinterface.com\/index.php\/wp-json\/wp\/v2\/pages\/16\/revisions"}],"predecessor-version":[{"id":990,"href":"https:\/\/veinterface.com\/index.php\/wp-json\/wp\/v2\/pages\/16\/revisions\/990"}],"wp:attachment":[{"href":"https:\/\/veinterface.com\/index.php\/wp-json\/wp\/v2\/media?parent=16"}],"curies":[{"name":"wp","href":"https:\/\/api.w.org\/{rel}","templated":true}]}}